osite?
False
Let z(p) = 3*p**2 + 2*p + 1. Let f be z(-1). Let o(d) = -f*d + 2*d + 6 + 4*d. Is o(10) a composite number?
True
Suppose -889 = -4*n - x, 3*n - 227 = -3*x + 433. Is n composite?
False
Suppose -12702 - 3514 = -4*c. Is c prime?
False
Let k(g) = 6*g**2 + 6*g - 5. Let c be 38/12 - (-8)/(-48). Is k(c) composite?
False
Let a = 2650 + -1749. Is a prime?
False
Let u be 472/5 + 6/(-15). Suppose 2*f - u = 24. Is f composite?
False
Suppose v = -v + 64. Suppose y = -12 - 7. Let u = v + y. Is u composite?
False
Let m be ((-25)/3)/(12/(-36)). Is m - 9/12*4 a prime number?
False
Suppose -5*h - c = -0*c - 1432, 3*h - 858 = -c. Is h a prime number?
False
Let l be (22 - 0)*(0 - 1). Let x = -95 + 64. Let u = l - x. Is u a prime number?
False
Let w = -366 + 261. Let i = -10 + 12. Is i*1*w/(-6) composite?
True
Suppose -42 = 3*m + 75. Let b = m + 92. Is b a prime number?
True
Suppose -2*r + 3*o + 2410 = 0, r - 3617 = -2*r + 4*o. Is r a composite number?
True
Let f(t) = -95*t + 40. Is f(-17) a prime number?
False
Suppose -5*k - 5*v + 1325 - 280 = 0, -5*k - 3*v + 1045 = 0. Is k composite?
True
Suppose 17 = -4*y + 2*s - 9, -5*y + 5 = 5*s. Is (y - -14)*(-34)/(-4) a composite number?
True
Let u be 6/(1 - (-70)/(-74)). Suppose -u = -3*w - 0*w. Is w a prime number?
True
Let x(w) = 4*w - 7. Let b be (-1)/2 - 9/(-2). Suppose 3*i + 2*r - 25 = -4, -b*i = -r - 17. Is x(i) prime?
True
Let t be -3 + (2 - 0) - -3. Let p(x) = 1 - 6 + 3 + 1 - 3*x + 3*x**t. Is p(6) a composite number?
False
Suppose -8*t = -15*t + 2233. Is t prime?
False
Is (134/3)/(8/(-12))*-1 composite?
False
Is 2/3*(-47838)/(-28) composite?
True
Let o(n) = n + 4. Let t be o(-2). Let y be 119*2 - (-5 - -6). Suppose r + t*r = y. Is r a prime number?
True
Let j(f) = f**2 - 11*f - 9. Is j(14) a prime number?
False
Is -1 + (-12)/(-6) - (-1758)/1 a prime number?
True
Suppose 5 + 3 = 2*l. Let w be 4/16 - 1/l. Suppose -5*r + 0 + 20 = w. Is r a prime number?
False
Let z(p) = -p**2 - 8*p - 2. Let q be z(-7). Suppose -347 = -q*g + 123. Is g composite?
True
Suppose 3*h + 2*g - 1724 + 487 = 0, -3*g = -3*h + 1242. Is h a composite number?
True
Suppose -50 = -0*t - 2*t. Is (-3 - (-2)/2) + t composite?
False
Let c be (15/2)/((-3)/140). Is c/(-6) - 12/(-18) composite?
False
Suppose -2668 = -2*h + 6. Is h composite?
True
Suppose -200 = -4*o - q, -278 = -4*o + 2*q - 66. Is o a composite number?
True
Suppose 0 = -2*x + 6*x - 7276. Let i = x + -1173. Suppose 2*h = 4*b - i, 26 = -4*b + 5*h + 675. Is b composite?
True
Is -2 - -9 - (-9 - -6) a prime number?
False
Let y = 34 - -5. Is y a prime number?
False
Let v(p) = -2*p**2 + 20*p - 10. Is v(8) composite?
True
Suppose 13*f - 5383 = 6*f. Is f a prime number?
True
Suppose -665 = -8*a + 63. Is a a prime number?
False
Let x(m) = m + 11. Let a be x(-6). Suppose c + 4*q - 16 = 0, -q = -c - c + a. Suppose -2*l + c*l - 238 = 0. Is l composite?
True
Is (521 - 0)/(7 + -6) prime?
True
Let v(q) = q - 6. Let d be v(5). Let y(a) = -34*a**3 - a**2 + 3*a - 3. Let t(m) = -68*m**3 - 2*m**2 + 5*m - 5. Let c(i) = 3*t(i) - 5*y(i). Is c(d) composite?
True
Suppose -4*p - 541 = -5*p. Is p a prime number?
True
Suppose 0 = 2*s + 4*f - 154, -5*s + 5*f + 452 = 67. Is s a composite number?
True
Suppose 1505 = w - 254. Is w a composite number?
False
Let i be (-2)/(-1) + -52 + -1. Let z = i + 90. Is z prime?
False
Let r(b) = -b**3 + b**2 - 12. Let m be r(0). Let i = m - -4. Is i/36 + (-173)/(-9) a prime number?
True
Suppose -10 = -4*s - s. Suppose s*b - 58 = 134. Suppose 3*p - 105 - b = 0. Is p prime?
True
Suppose -t - 3*u + 0 = -12, -u = 3*t - 12. Is (-5 + t)/(-1) + 63 composite?
True
Let k(l) = l**3 - 12*l**2 + 12*l - 7. Let x be k(11). Suppose -x*p + 3*p + 289 = 0. Suppose p = 4*w + 53. Is w composite?
False
Let k(i) = -90*i - 1. Is k(-1) a composite number?
False
Suppose -5*y + 5830 = -5*n, 5*n = -9*y + 5*y + 4637. Is y composite?
False
Let i = 705 - 497. Let j = -46 + 83. Suppose 5*r - j = i. Is r a composite number?
True
Suppose 8*f - 12 = 4*f. Suppose -2*x = -2*k + 608, k - 2*x = -f*k + 1222. Is k composite?
False
Suppose -3*r + 41 + 1 = 0. Suppose 3*x = 4*x - r. Is x composite?
True
Suppose 6*a - 4*a - 494 = 0. Is a composite?
True
Suppose o + q - 163 = 0, -6*o = -2*o - 4*q - 620. Suppose -j - 2*j + o = 0. Is j a composite number?
False
Let z be 3 + -1 - 12/2. Let m = 8 + z. Is 146/m - (-1)/2 prime?
True
Suppose 709 = 3*n + 262. Is n a prime number?
True
Let z(v) = -v**3 + 5*v**2 + 6. Let q be z(5). Is q*1/(-2) + 130 a prime number?
True
Let s = -1572 - -2213. Is s a composite number?
False
Suppose -190 = b + 38. Let k be (1 + 0)/((-3)/b). Let t = k - 50. Is t a composite number?
True
Let i(s) = -s + 149. Is i(0) a prime number?
True
Let l(o) = o**2 + 8*o - 3. Let q be l(-7). Is ((-5)/2 + 1)*q a prime number?
False
Let n(q) = q. Let x be n(4). Suppose -x*l + 251 = 5*g, -3*g - 2*l - 25 + 174 = 0. Is g prime?
True
Let a = 73 - 40. Is a composite?
True
Let c(n) = -n**3 + n**2 + 13*n + 15. Is c(-12) a composite number?
True
Suppose -2*q = -3*d - 4, -8 = -q - 5*d + 7. Suppose 8*p = q*p - 3*z + 219, z = 2. Is p a composite number?
False
Let j(n) = n - 4. Let z be j(9). Suppose 4*a = y + 3*y - 8, z*a = -10. Suppose y = 4*g - 0*g - 356. Is g a composite number?
False
Let o(b) = -2*b - 11. Let d be o(-5). Is ((-2893)/22)/(d/2) a prime number?
True
Let t = 1619 - 858. Suppose -t = -5*z - 2*w - 2*w, 3*w - 310 = -2*z. Is z a composite number?
False
Let a(j) = 2319*j + 5. Is a(2) prime?
True
Let d = 41 + 19. Let c = d - -55. Is c a prime number?
False
Suppose 3*g - 527 - 46 = 0. Suppose g = -0*f + f. Is f prime?
True
Suppose 2868 = 4*u + 2*u. Is u composite?
True
Let x(f) = 2*f**3 + 2*f - 1. Let d be x(1). Suppose 0 = -d*i + i + 4. Is 1 - (-1 + -6)*i a composite number?
True
Let d be 38/14 - (-14)/49. Suppose -29 = -d*b + 13. Is b composite?
True
Let r = -186 + 419. Is r composite?
False
Let m = 12 - 6. Let a = 28 - m. Is a prime?
False
Let u(i) = -i**2 - 7*i - 4. Let j(f) = -f**2 + 2*f + 2. Let c be j(4). Let t be u(c). Suppose -m - m = 3*s - 89, -t*s = 6. Is m composite?
True
Is (-213 - 1 - 5)*-1 a composite number?
True
Is (1338/(-9))/((-4)/6) prime?
True
Let n(q) = -q + 4*q**2 + 4*q**2 + 1 - 4*q**2 + q**3. Let b(j) = j - 1. Let d be b(-2). Is n(d) composite?
False
Let m(q) = 34*q + 1. Is m(9) composite?
False
Let y(u) = -u**3 + 7*u**2 + u + 6. Suppose -r - r - 4 = 0. Let b = 9 + r. Is y(b) a composite number?
False
Let o = 168 - -125. Is o prime?
True
Let b = 211 - 140. Let g = -111 - -167. Let z = g + b. Is z composite?
False
Suppose 0 = -k + 4*k - 1641. Is k composite?
False
Suppose -j + r + 44 = 0, -59 = 4*j + r - 250. Suppose -p + 63 = -j. Suppose -4*d = -2*d - p. Is d prime?
False
Suppose 7*f - 2*f + 16 = 2*r, 7 = r - 2*f. Suppose 12 = -r*o, 1940 = -5*b + 5*o - 1205. Is b/(-3) + -1 - -1 prime?
True
Let b be 10/4*(12 + -2). Let q = 8 + 2. Is q/b - 366/(-10) a prime number?
True
Let n(l) = -12*l + 7. Let p be n(-6). Let h = -129 - -73. Let g = h + p. Is g a composite number?
False
Suppose 6121 = 4*a + g, a = g - 5*g + 1549. Is a a prime number?
False
Let u = -8 - -4. Let z(d) = 3*d**2 + d - 1. Is z(u) a prime number?
True
Let f = 54 + 61. Let o = 45 + -31. Let q = f + o. Is q a composite number?
True
Let j(q) be the third derivative of q**5/10 + q**4/6 + q**3/2 + 2*q**2. Is j(-2) a prime number?
True
Suppose 5*u = 4*g + 411, 111 = 2*u - 2*g - 53. Is u a composite number?
False
Let g = -9 + 28. Is g composite?
False
Let f(k) = -12*k - 45*k + 1 + 3*k. Is f(-2) a composite number?
False
Let i(t) = -3*t**3 - 6*t**2 - 8*t - 3. Let h(k) = 4*k**3 + 7*k**2 + 9*k + 2. Let y(o) = 2*h(o) + 3*i(o). Let n be y(-4). Suppose -3 = -q + n. Is q composite?
True
Suppose 5*d + 24 = 2*w, -2*w = 3*w + d - 33. Suppose n + 4 = 5*o, -2*o + 5*n + 13 = -w. Let h = 2 + o. Is h a composite number?
False
Suppose -2*c + 175 + 1503 = 0. Is c prime?
True
Suppose -w - 2*w + 2*s + 1343 = 0, 6 = 3*s. Is w a composite number?
False
Is 2 - 8 - (8 + -105) prime?
False
Let g = 200 - 326. Let u = g - -247. Is u composite?
True
Let v(b) = 3*b**3 + 0*b**3 - 2*b**3 - 5 - 3*b**2 + 9*b - 3*b**2. Is v(6) prime?
False
Let f(m) = m + 7. Let q be f(5). Let k = -17 + q. Let b = 6 - k. Is b a composite number?
False
Suppose -4*q - 4*o = q - 567, -3*